6 + -23 + 6
-4
Evaluate 18 + -57 + 19 - -22.
2
Calculate 21 + 6 + -21 + -10 - (0 + -4).
0
What is the value of (6 - (2 + 12 + -13)) + 24 + 0?
29
What is 2 + -13 + (7 - -10) + 0 + 3?
9
Calculate 21 - (-3 - (0 + 6 + -17)).
13
Calculate 2 - (3 + 3 + 0 - (-9 - -4)).
-9
What is 25 + (-12 - -19 - 25) - 34?
-27
What is the value of (-6 - (1 + -28)) + 8 + 6 + -17?
18
Calculate 39 + -1 + -48 + 17.
7
What is -9 + (-12 - 13) + 20?
-14
What is (-26 - -27) + 1 + -13?
-11
Calculate -37 + 11 + 22 - (-3 - -7).
-8
What is the value of -23 + 6 + -8 + 13 - (5 - -2)?
-19
-34 - (17 + -35) - (-2 + 16)
-30
2 - 9 - (20 + -44)
17
What is (7 - -18 - 25) + 1 + (11 - 1)?
11
What is the value of 15 - ((-1 - 8) + 18)?
6
Calculate 14 - (13 - (-42 + 22)).
-19
Evaluate (10 - (8 + -5)) + -64 + 50.
-7
-9 - 27 - (51 - 95)
8
3 + (10 - (0 - -6) - 2) + -3
2
Calculate 3 + (5 - (12 + -15)).
11
What is -43 - -13 - (-11 - 1)?
-18
6 - (9 + (9 - (-3 - -30)) + -8)
23
Evaluate 47 + 5 + -27 + -21.
4
What is (-24 - -6) + 0 - -53?
35
Evaluate -20 - (-8 - (12 + -5 + -5)).
-10
Calculate (10 - (0 - -1)) + -9 - (0 + -1).
1
What is -16 + -20 + 59 + -1?
22
(-31 - (-12 + -9)) + (5 - -5)
0
What is -11 - (-9 + -1 + -5 + 11)?
-7
What is the value of -7 - -2 - (-16 + 20 + -15 + -2)?
8
Calculate -7 + 14 + (4 - 12) + 15 + 4.
18
Evaluate -1 - (4 + (18 - 12)).
-11
What is (4 - (-8 + -3 + 12)) + -2 - -2?
3
What is -8 + (31 - (2 - -15))?
6
Calculate -15 + -6 + 12 + 3 + 12.
6
What is the value of 1 - -37 - (203 - 181)?
16
What is 1 - 15 - (-160 - -83 - -69)?
-6
Evaluate 1 + -5 + -1 - (4 + -2 - 28).
21
Calculate 3 - 1 - (139 - 138 - (2 - -21)).
24
Evaluate -1 + 1 - (6 + -40 - (-21 + 13)).
26
What is the value of 4 - -14 - (-44 + 68)?
-6
What is the value of 8 - (18 + (-8 - -2) - -4)?
-8
What is the value of -10 + (-24 - -52) + -17?
1
-4 + 9 - (2 - 6)
9
What is the value of 2 + -6 + -2 + (-2 - -5 - -3)?
0
What is -1 - 12 - (0 + -9 - (-174 + 163))?
-15
-10 - (13 - 20) - (-2 + 3 + -9)
5
What is the value of 4 - (2 - -7 - (-113 + 102)) - 1?
-17
Calculate 10 + (-15 - (-18 - -8) - -7).
12
Evaluate -12 - (-10 - (4 - 9) - 0).
-7
What is -98 - -141 - (-3 - -46)?
0
What is the value of 7 + (9 - (-9 - -18) - (3 + 25))?
-21
Calculate 2 + -8 - (-12 + (4 - 5 - -7)).
0
-9 - (0 + 12 - 22)
1
Calculate 7 - ((2 - 0) + (9 - 3) + -4).
3
6 - (3 + -4) - 7 - -2
2
What is the value of (10 - 17 - 1 - -16) + 4?
12
Evaluate (15 - -2) + -2 + -9 + -1 + -32.
-27
Evaluate -16 + 14 + (3 - 7) - -10.
4
What is (7 - (6 + -3 - -12)) + 7 + 2?
1
15 + (-6 - (-14 - -10)) - -9
22
Evaluate 7 - (-1 + -3 + 11) - -3.
3
Evaluate (18 + 1 - 13) + -11.
-5
Evaluate -21 + (-9 - -21) + 0 + 0 + -2.
-11
-9 + -11 - -4 - -10
-6
Evaluate -1 + 9 + (-4 - (6 - 15)).
13
Calculate -11 + (-3 + 0 + 4 - (-8 + 5)).
-7
Calculate 12 + -6 - (-6 + (-5 - 0)).
17
What is the value of -35 - -47 - (10 - -2) - 17?
-17
Calculate 3 + -8 + (-11 - -5) + 6.
-5
What is 6 + 1 + -9 + -2 - (1 + 7)?
-12
What is -9 + (8 - 15 - -9 - -7) + 5?
5
Evaluate (21 - 8) + (4 - (6 + 17)).
-6
What is the value of -1 + -13 - -1 - (21 - (58 - 36))?
-12
Calculate -9 + 11 + (-4 - -1) + -3.
-4
What is the value of 35 + -10 + -11 - 24?
-10
What is the value of 16 - ((34 - 31) + 5)?
8
What is the value of -9 - (19 + -13 + -20)?
5
What is the value of -7 + -4 + (-5 - -6) + 0 + -5?
-15
Calculate (5 - -2) + (436 - 449).
-6
Calculate (2 - 0) + (5 - 4) + 2 - 5.
0
What is the value of -8 - ((-2 - -4) + 2 + -31 + 6)?
13
Evaluate (-1 - (-8 - -10)) + (-65 - -55).
-13
Evaluate 20 - -21 - (33 + 1).
7
What is -26 - (-3 - (-7 - -23))?
-7
1 + 3 - (-11 + (-3 - -45) + -20)
-7
What is the value of 3 + (0 - 9) + 0 + -1 + 17?
10
What is (13 - 32) + 33 - 28?
-14
Calculate (1 - -7) + (-10 + 6 - -5) - 4.
5
What is the value of -8 - (5 + 2 + -5 + -1)?
-9
Evaluate (-6 - (1 + 0)) + (304 - 289).
8
(-15 - -19) + (-3 - (2 - (-2 - -4)))
1
Calculate -321 - -295 - (-31 + -1).
6
-13 + (5 - 4) - (176 - 218)
30
What is the value of 7 + -11 + (1 - 0)?
-3
Evaluate -2 - -19 - ((0 - 10) + (-14 - -21)).
20
What is the value of 4 - (-3 - (-4 - -3))?
6
Evaluate 12 + (16 - (57 + -23)).
-6
Evaluate (6 + -6 - (1 - -3) - -1) + -16.
-19
Calculate -2 + 16 + 1 + 12 + (-18 - -3).
12
-9 + (-9 - -14 - -3) + 1
0
Evaluate 16 + -19 + 29 + -10.
16
What is (9 - (3 - (-5 + -4))) + (-1 - 2)?
-6
What is the value of -21 + (5 + 2 - 14 - (-12 - -6))?
-22
What is the value of 11 + 12 + 5 + -10 + -42?
-24
What is 0 + 2 + -28 + 13?
-13
Calculate 29 + -1 + (44 - 60).
12
What is 17 - 31 - (-23 + 15)?
-6
Evaluate -13 + (8 - 18 - (4 + 2)).
-29
What is the value of -13 - -1 - (235 - 233)?
-14
Evaluate (-1 - -3) + 0 - (23 - (-28 - -41)).
-8
What is (-5 - (9 + 6)) + 14?
-6
16 + (5 - -4 - 22) + 11
14
What is the value of (-26 - -11 - -6) + 0?
-9
What is the value of 4 + -42 + 6 + 14?
-18
1 - -17 - (-9 + 9 + 7 - 0)
11
-13 - (-8 + 13 - 8)
-10
(-105 - -97 - (-1 + -4)) + (1 - 6)
-8
Calculate -2015 - -1988 - (1 + -10).
-18
(3 + 3 - -3) + (-15 - -3) + 5
2
Calculate 28 + -27 + -14 + 15 + 17.
19
What is 38 + -19 - 31 - -30?
18
Evaluate 14 - (2 + (6 - (4 + -2 + 6))).
14
-4 - (-14 + 6 + 17)
-13
What is the value of -1 + 5 - (5 - -8)?
-9
Evaluate -12 + 17 + 6 + 6 + -21.
-4
Calculate -4 + -1 - (9 + (-3 - (0 + 8))).
-3
What is the value of -4 - 2 - (-62 + (127 - 55))?
-16
What is 5 + -15 + 2 - (-17 + 11)?
-2
-14 + 14 + 2 - (7 - -5)
-10
Evaluate (10 - 16) + 4 - (-7 - 1).
6
Calculate -13 + (-15 - -21) + 0 + 0.
-7
What is -1 + 2 - (-9 - (17 + -23))?
4
What is (26 - 40) + 25 - (12 - 1)?
0
Calculate -7 - (-10 - -4) - ((13 - 6) + -15).
7
Evaluate 1 - (-1 - (-1 + 4)) - (954 - 963).
14
What is -104 + 111 + 1 + 2?
10
What is the value of -383 + 394 + -1 + -10 + 1 + -28?
-27
What is the value of -50 + 55 - (-2 - (1 + 3))?
11
-18 - (-68 + 39) - -23
34
Calculate 35 - 23 - (-3 + 3) - 13.
-1
Calculate -1 + -11 + -30 + 55.
13
What is the value of 15 + (-27 - -8) + -6?
-10
7 + -6 + 19 + -10
10
Calculate (1 - ((10 - -1) + -23)) + -11.
2
What is (1 - -4) + -5 - ((4 - -2) + -10)?
4
Evaluate 6 + (-8 - (-22 + 6)) + -8.
6
What is (3 - -4 - 7 - (3 - -3)) + 1?
-5
Evaluate -5 - ((-159 - -151) + (-1 - -14)).
-10
Evaluate -39 - -3 - (-534 + 494).
4
What is the value of -4 + -3 + -5 + -8 + 1 + 0?
-19
Evaluate 40 + -12 + 7 + (1 - 11).
25
Calculate 222 + -204 - (-2 + -1).
21
(288 - 298) + 9 + 1
0
What is the value of (-11 - -4) + (169 - 169)?
-7
What is the value of -7 - (18 - 27) - (0 - -6)?
-4
What is -11 - (21 + -8 + -19 + 23)?
-28
Evaluate 32 - 32 - ((-5 - -16) + -1).
-10
What is 65 + (20 - 63) + -33?
-11
Calculate 1 - -11 - (19 - 12).
5
What is -4 + (-33 - -34) + -1 + -1 + -3?
-8
Evaluate -135 + 123 + (-1 - -11).
-2
What is the value of 1 - (0 - (2 - (-6 + 12)))?
-3
What is 194 + -209 + (2 - -30)?
17
-28 + (10 - (-7 - -9))
-20
What is -5 - (-8 + 6 + -12) - (2 - 8)?
15
Evaluate 23 + -48 + 24 + 17.
16
What is the value of 1 + -13 - (9 + -21)?
0
Evaluate (1 + -11 + 7 - (-11 + 2)) + -21.
-15
(-1 - -35) + (248 - 259)
23
12 - (-13 - -6 - -8) - (-2 + 1)
12
Calculate 22 + (-11 - (-16 - -2 - (38 + -31))).
32
Calculate (-6 - -5 - -5) + -6 + (3 - 2).
-1
What is 12 - (-1 + -11 - -2 - -3)?
19
What is 1 + 3 - (-1 - -1 - (-35 + 26))?
-5
Evaluate -15 + -5 + (-3 - -17) + 6.
0
Calculate (26 - 4) + (-6 - -2) + 4 + -12.
10
What is the value of -8 + 14 + (-6 - 1) + -11?
-12
-90 + (47 - 9) - -20
-32
3 + (6 - (-7 + (28 - 2)))
-10
What is the value of 5 + (-11 - 1) + 11?
4
4 + -28 + -24 + 58
10
Calculate 14 + -31 + 4 + 11.
-2
Calculate 4 + (2 - 2) - -8 - (1 + -1).
12
What is -13 + 0 + -365 + 385?
7
Evaluate 2 - (-11 - 15 - -39).
-11
Calculate (-9 - (-3 - 38)) + -30 + 18.
20
Calculate 8 - (-2 - (-27 + 8)) - (-3 + -1).
-5
What is the value of 18 - (45 + -27) - 10?
-10
What is 1 + (6 - ((6 - -4) + -7)) - 1?
3
What is 6 - 2 - (15 + -42 - -11)?
20
What is the value of -2 + (-14 - (-1 - 8) - -5)?
-2
What is 12 + (-16 - -10 - -1 - (1 + -10))?
16
What is the value of -10 - (-25 - -14 - -3)?
-2
What is -4 - (-39 + 46 - 30)?
19
What is the value of (0 - -2) + (-24 - -22) + 6?
6
1 - (-1 + -4) - ((7 - 42) + 43)
-2
What is the value of 2 + -2 - (-57 + 40)?
17
Calculate (10 + -28 - 0) + 4 + 1.
-13
-10 - -23 - (12 - -2)
-1
Evaluate 10 - (22 - 6) - 7.
-13
Calculate -3 - ((-6 - -16) + -5 + (-18 - -1)).
9
What is 0 - 0 - (187 + -161)?
-26
-6 + -1 + -1 + (-34 